rs of 123909?
3, 103, 401
What are the prime factors of 1630881?
3, 7, 8629
List the prime factors of 13793060.
2, 5, 163, 4231
List the prime factors of 5213623.
1307, 3989
List the prime factors of 4218482.
2, 17, 53, 2341
What are the prime factors of 1611313?
11, 37, 107
What are the prime factors of 856201?
113, 7577
What are the prime factors of 4179160?
2, 5, 104479
What are the prime factors of 2829006?
2, 3, 5821
List the prime factors of 595173.
3, 198391
What are the prime factors of 1393696?
2, 97, 449
List the prime factors of 5750628.
2, 3, 13, 191, 193
List the prime factors of 124277.
124277
List the prime factors of 2166885.
3, 5, 7, 2293
What are the prime factors of 5060697?
3, 269, 6271
What are the prime factors of 2879337?
3, 959779
List the prime factors of 1171767.
3, 619, 631
What are the prime factors of 9945446?
2, 7, 710389
List the prime factors of 2430260.
2, 5, 7, 17359
What are the prime factors of 254881?
11, 17, 29, 47
List the prime factors of 9401441.
7, 37, 36299
What are the prime factors of 80800?
2, 5, 101
List the prime factors of 922349.
569, 1621
List the prime factors of 120146.
2, 13, 4621
What are the prime factors of 176635?
5, 35327
List the prime factors of 3388481.
3388481
List the prime factors of 2795789.
1109, 2521
What are the prime factors of 2635746?
2, 3, 271, 1621
List the prime factors of 94671.
3, 67, 157
What are the prime factors of 129716?
2, 32429
List the prime factors of 1002460.
2, 5, 50123
What are the prime factors of 65428?
2, 11, 1487
List the prime factors of 1870162.
2, 7, 133583
What are the prime factors of 11835669?
3, 463, 8521
List the prime factors of 1255690.
2, 5, 199, 631
List the prime factors of 113757.
3, 7, 5417
What are the prime factors of 712587?
3, 173, 1373
What are the prime factors of 843779?
843779
List the prime factors of 2724156.
2, 3, 31, 2441
What are the prime factors of 416285?
5, 83257
List the prime factors of 2486253.
3, 7, 11, 47, 229
What are the prime factors of 1881595?
5, 107, 3517
What are the prime factors of 328797?
3, 7, 17, 307
List the prime factors of 26867356.
2, 983, 6833
List the prime factors of 14543849.
37, 393077
What are the prime factors of 156323?
223, 701
What are the prime factors of 335351?
443, 757
List the prime factors of 17006863.
1279, 13297
List the prime factors of 4818143.
11, 179, 2447
List the prime factors of 1179946.
2, 23, 113, 227
List the prime factors of 227986.
2, 11, 43, 241
What are the prime factors of 29928?
2, 3, 29, 43
List the prime factors of 4178848.
2, 130589
What are the prime factors of 127046?
2, 139, 457
What are the prime factors of 7204026?
2, 3, 103, 11657
What are the prime factors of 2119912?
2, 193, 1373
What are the prime factors of 454373?
113, 4021
List the prime factors of 440893.
440893
What are the prime factors of 128985?
3, 5, 8599
List the prime factors of 1489679.
113, 13183
What are the prime factors of 8425449?
3, 936161
List the prime factors of 4504891.
4504891
What are the prime factors of 3027237?
3, 23, 73, 601
What are the prime factors of 2672533?
2672533
What are the prime factors of 628661?
11, 67, 853
What are the prime factors of 787717?
7, 43, 2617
What are the prime factors of 3750143?
563, 6661
What are the prime factors of 6462639?
3, 239357
List the prime factors of 169852.
2, 42463
List the prime factors of 1641082.
2, 820541
What are the prime factors of 213004?
2, 11, 47, 103
List the prime factors of 2936124.
2, 3, 81559
What are the prime factors of 654023?
654023
What are the prime factors of 698182?
2, 31, 11261
List the prime factors of 163344.
2, 3, 41, 83
List the prime factors of 3133511.
31, 101081
List the prime factors of 2686279.
41, 65519
List the prime factors of 697464.
2, 3, 3229
List the prime factors of 134600.
2, 5, 673
What are the prime factors of 383691?
3, 7, 11, 151
List the prime factors of 29606470.
2, 5, 2960647
List the prime factors of 153382.
2, 53, 1447
What are the prime factors of 3897733?
7, 556819
What are the prime factors of 45372?
2, 3, 19, 199
What are the prime factors of 883434?
2, 3, 113, 1303
List the prime factors of 1118540.
2, 5, 55927
List the prime factors of 1235369.
1235369
List the prime factors of 318758.
2, 11, 14489
List the prime factors of 565073.
709, 797
What are the prime factors of 3021312?
2, 3, 7, 281
What are the prime factors of 291418?
2, 145709
List the prime factors of 6363623.
7, 909089
List the prime factors of 8153010.
2, 3, 5, 157, 577
What are the prime factors of 2918034?
2, 3, 7, 23159
List the prime factors of 136213.
7, 11, 29, 61
List the prime factors of 5558423.
13, 239, 1789
List the prime factors of 221057.
443, 499
What are the prime factors of 2381153?
2381153
What are the prime factors of 4943162?
2, 7, 71, 4973
What are the prime factors of 1698539?
1698539
List the prime factors of 2276181.
3, 17, 19, 29
List the prime factors of 3233767.
3233767
List the prime factors of 6270620.
2, 5, 17, 18443
What are the prime factors of 106339?
43, 2473
What are the prime factors of 13148721?
3, 163, 8963
What are the prime factors of 5656106?
2, 2828053
List the prime factors of 1794458.
2, 897229
What are the prime factors of 198108?
2, 3, 5503
List the prime factors of 17491142.
2, 8745571
List the prime factors of 9007367.
107, 84181
List the prime factors of 9349223.
13, 29, 24799
What are the prime factors of 45149?
13, 23, 151
List the prime factors of 147537.
3, 13, 97
What are the prime factors of 3634279?
11, 330389
List the prime factors of 1580078.
2, 19, 43, 967
List the prime factors of 18404.
2, 43, 107
What are the prime factors of 692846?
2, 7, 11, 409
What are the prime factors of 3870782?
2, 337, 5743
List the prime factors of 706127.
191, 3697
List the prime factors of 131100.
2, 3, 5, 19, 23
What are the prime factors of 399878?
2, 23, 8693
List the prime factors of 1006438.
2, 419, 1201
List the prime factors of 9367238.
2, 17, 137, 2011
List the prime factors of 1174279.
911, 1289
What are the prime factors of 742017?
3, 247339
What are the prime factors of 12359865?
3, 5, 7, 53, 2221
List the prime factors of 125922.
2, 3, 31, 677
List the prime factors of 2161603.
73, 29611
List the prime factors of 645337.
7, 11, 17, 29
List the prime factors of 546742.
2, 7, 797
List the prime factors of 2999765.
5, 41, 14633
List the prime factors of 230953.
41, 43, 131
What are the prime factors of 567487?
567487
What are the prime factors of 29660628?
2, 3, 151, 16369
What are the prime factors of 183801?
3, 197, 311
List the prime factors of 3506230.
2, 5, 7, 13, 3853
List the prime factors of 6901.
67, 103
What are the prime factors of 257698?
2, 7, 79, 233
List the prime factors of 1909267.
1909267
What are the prime factors of 1050379?
11, 17, 41, 137
What are the prime factors of 916553?
11, 97, 859
What are the prime factors of 5980484?
2, 1039, 1439
What are the prime factors of 1322042?
2, 233, 2837
List the prime factors of 3083.
3083
What are the prime factors of 17074?
2, 8537
List the prime factors of 2046365.
5, 83, 4931
What are the prime factors of 399574?
2, 7, 28541
What are the prime factors of 466003?
23, 20261
List the prime factors of 4753310.
2, 5, 475331
What are the prime factors of 13763608?
2, 17, 101203
List the prime factors of 8397791.
19, 29, 15241
What are the prime factors of 34963686?
2, 3, 19, 102233
What are the prime factors of 242617?
242617
What are the prime factors of 3588195?
3, 5, 13, 18401
What are the prime factors of 3676348?
2, 13, 19, 61
What are the prime factors of 1506468?
2, 3, 125539
List the prime factors of 979198.
2, 11, 47, 947
What are the prime factors of 1834848?
2, 3, 23, 277
List the prime factors of 10799159.
7, 220391
What are the prime factors of 41055?
3, 5, 7, 17, 23
List the prime factors of 7001917.
13, 37, 14557
List the prime factors of 23761032.
2, 3, 990043
List the prime factors of 678735.
3, 5, 15083
List the prime factors of 12253948.
2, 7, 437641
List the prime factors of 434031.
3, 13, 31, 359
List the prime factors of 2077525.
5, 83101
List the prime factors of 16654070.
2, 5, 19, 23, 37, 103
What are the prime factors of 10544334?
2, 3, 37, 47497
What are the prime factors of 46666